 number?
True
Is 13814267 a prime number?
False
Is 42457337 a composite number?
True
Is 3080017 a prime number?
True
Is 5032831 a prime number?
False
Is 125617 prime?
True
Is 7954987 prime?
False
Is 40346611 composite?
False
Is 4009307 prime?
True
Is 4734253 a composite number?
False
Is 255074317 a prime number?
True
Is 12167761 prime?
False
Is 1607677 prime?
False
Is 36543319 a composite number?
True
Is 195311 a prime number?
True
Is 8215783 prime?
True
Is 249692707 a composite number?
True
Is 123341 a composite number?
False
Is 17591329 composite?
True
Is 52453 a prime number?
True
Is 453103277 a composite number?
True
Is 27057113 prime?
True
Is 711209 a composite number?
False
Is 63566093 composite?
False
Is 85624339 composite?
True
Is 14960843 a composite number?
False
Is 1514269 prime?
False
Is 408311 prime?
True
Is 1281967993 a composite number?
True
Is 34294921 composite?
False
Is 1575187 a composite number?
False
Is 1433973 prime?
False
Is 106679923 composite?
True
Is 7921229 composite?
False
Is 116015461 a prime number?
False
Is 49192763 a prime number?
True
Is 244063397 a prime number?
True
Is 29984519 prime?
True
Is 163523383 prime?
False
Is 6724139 a prime number?
True
Is 17211331 a prime number?
True
Is 459607 prime?
True
Is 29146643 composite?
False
Is 28643327 composite?
True
Is 10111877 prime?
True
Is 1077703 a prime number?
False
Is 166436449 prime?
True
Is 237912757 a prime number?
True
Is 768013 composite?
False
Is 1325657 a composite number?
False
Is 8680814 prime?
False
Is 1176577 prime?
False
Is 38133211 composite?
True
Is 8695051 prime?
True
Is 5823371 composite?
True
Is 5705093 composite?
False
Is 13928843 prime?
False
Is 20867921 prime?
False
Is 207806747 a composite number?
False
Is 7523239 composite?
False
Is 184028833 composite?
True
Is 55248331 a composite number?
True
Is 2363071 composite?
True
Is 22783903 a composite number?
False
Is 689768027 a prime number?
False
Is 511053 a prime number?
False
Is 17039381 prime?
True
Is 45555586 composite?
True
Is 1334046733 a composite number?
False
Is 115583749 prime?
False
Is 3536009 composite?
False
Is 60399221 prime?
True
Is 204076541 composite?
False
Is 52467859 a prime number?
False
Is 12847 a composite number?
True
Is 5302222 prime?
False
Is 114644113 prime?
True
Is 68590097 a prime number?
True
Is 2669551 prime?
False
Is 852121 a prime number?
True
Is 990447 composite?
True
Is 473887 prime?
True
Is 96578999 a prime number?
False
Is 40822763 a composite number?
True
Is 4922561 a composite number?
True
Is 8218597 a prime number?
True
Is 9282197 a composite number?
False
Is 2200957 composite?
True
Is 29918099 prime?
False
Is 1916011 a prime number?
False
Is 1542421 prime?
True
Is 12056731 composite?
False
Is 9303145 prime?
False
Is 828262 a composite number?
True
Is 3052717 composite?
False
Is 9952727 a composite number?
False
Is 1911839 a composite number?
False
Is 811111 a composite number?
True
Is 306247099 composite?
False
Is 1292147 prime?
False
Is 8071981 a composite number?
False
Is 11432753 prime?
True
Is 31010374 composite?
True
Is 907609 a composite number?
True
Is 6888941 a composite number?
False
Is 3292217 composite?
False
Is 463469 prime?
False
Is 233788397 a prime number?
False
Is 1406959 prime?
True
Is 5405531 a prime number?
False
Is 320550001 a composite number?
False
Is 37656469 a prime number?
True
Is 1632289 a composite number?
True
Is 1445567 a composite number?
False
Is 99995249 composite?
False
Is 121097539 prime?
True
Is 8202403 prime?
False
Is 8957263 a composite number?
True
Is 262303 prime?
True
Is 2090537 composite?
True
Is 184349245 a prime number?
False
Is 1217141 a composite number?
False
Is 26260289 prime?
False
Is 20936059 a composite number?
False
Is 550658357 composite?
False
Is 13146623 a composite number?
True
Is 6295187 prime?
False
Is 298161737 a prime number?
False
Is 1488653 composite?
False
Is 37343627 prime?
False
Is 121228199 prime?
False
Is 68588539 a composite number?
False
Is 436548113 prime?
False
Is 16657617 a composite number?
True
Is 29978519 composite?
True
Is 11766217 a composite number?
False
Is 472163999 a prime number?
True
Is 48124217 a prime number?
True
Is 743443 a prime number?
False
Is 2486243 prime?
True
Is 73754657 a composite number?
False
Is 990227 a composite number?
True
Is 69901751 a prime number?
False
Is 4117501 prime?
True
Is 4307093 a composite number?
True
Is 13536847 a composite number?
True
Is 805944947 a composite number?
False
Is 447968923 a composite number?
False
Is 475411519 prime?
False
Is 482888371 a prime number?
False
Is 2453519 prime?
True
Is 3704209 prime?
False
Is 9437819 a prime number?
False
Is 48793379 a composite number?
True
Is 13710779 a composite number?
True
Is 16586819 a prime number?
False
Is 208943251 composite?
True
Is 653057 a prime number?
True
Is 1138547 prime?
True
Is 23946617 composite?
False
Is 1965221 composite?
True
Is 1882031 composite?
False
Is 1688189 a composite number?
False
Is 173362927 a composite number?
False
Is 3534611 composite?
False
Is 3510011 a composite number?
True
Is 18382447 a prime number?
True
Is 3554519 a prime number?
True
Is 5661533 a composite number?
True
Is 546634157 prime?
True
Is 21387059 composite?
False
Is 7649701 a prime number?
False
Is 7893745 prime?
False
Is 105097 composite?
False
Is 1191035 a composite number?
True
Is 4433147 a composite number?
False
Is 2780423 a prime number?
False
Is 32712007 a prime number?
True
Is 63043 a composite number?
True
Is 4389731 a prime number?
True
Is 874530683 a prime number?
False
Is 1162003 a composite number?
True
Is 15740041 prime?
False
Is 5660601 a composite number?
True
Is 11033003 a composite number?
True
Is 85376177 prime?
False
Is 99092341 composite?
False
Is 3735617 prime?
True
Is 139162858 prime?
False
Is 13313549 a composite number?
True
Is 10827103 composite?
True
Is 657637 a composite number?
True
Is 4714973 composite?
False
Is 24477571 a prime number?
False
Is 1623701 a composite number?
False
Is 12215953 a prime number?
False
Is 22303 prime?
True
Is 20651789 a prime number?
True
Is 256433 composite?
True
Is 960569 prime?
True
Is 74195039 a prime number?
False
Is 1508919 a prime number?
False
Is 2667263 a composite number?
False
Is 6244006 a composite number?
True
Is 245323823 a prime number?
True
Is 9704543 a prime number?
True
Is 301873549 prime?
True
Is 12775351 a composite number?
True
Is 204140891 a composite number?
True
Is 695704231 prime?
False
Is 484197823 a composite number?
True
Is 2708065 a composite number?
True
Is 11366087 a composite number?
True
Is 119533874 prime?
False
Is 16150571 prime?
True
Is 84780739 prime?
True
Is 70559971 composite?
False
Is 1007681 a prime number?
True
Is 52088451 a composite number?
True
Is 3006119 composite?
False
Is 488929 a prime number?
False
Is 532423 prime?
False
Is 14445139 a composite number?
True
Is 984383 a prime number?
True
Is 416071 prime?
True
Is 2752889 composite?
False
Is 21261659 prime?
True
Is 11342735 composite?
True
Is 14016413 prime?
True
Is 153163 a prime number?
False
Is 5016131 a prime number?
False
Is 162796763 prime?
True
Is 32426461 a composite number?
True
Is 23227511 prime?
True
Is 10281721 prime?
False
Is 267013991 a prime number?
False
Is 1479911 prime?
True
Is 396177013 a prime number?
False
Is 7507333 a composite number?
False
Is 40288089 prime?
False
Is 3146621 a composite number?
True
Is 24902915 composite?
True
Is 1586309 a composite number?
False
Is 37698839 a prime number?
True
Is 267990185 a prime number?
False
Is 401367353 composite?
True
Is 8650121 composite?
False
Is 18974027 composite?
True
Is 26318749 a composite number?
False
Is 37659397 prime?
False
Is 13901267 composite?
True
Is 977341535 a prime number?
False
Is 115513 a composite number?
False
Is 4874423 a prime number?
False
Is 51487063 a composite number?
True
Is 6589657 a prime number?
True
Is 665843 prime?
True
Is 332039 prime?
True
Is 3810569 a composite number?
True
Is 6766843 a composite number?
False
Is 10450681 composite?
False
Is 49147979 a composite number?
False
Is 13221059 a prime number?
True
Is 24890143 a composite number?
False
Is 78573161 a composite number?
False
Is 24084169 a composite number?
True
Is 325747 composit